t b = 2 - -2. Let g be (-35)/(-21) + (-2)/(-6). Suppose b*h = -4*x + g + 6, -28 = -2*x + 4*h. Let k(t) = -t + 9. Calculate k(x).
3
Let l(f) be the second derivative of f**5/20 - f**4/4 + 3*f**2 + 255*f. Determine l(0).
6
Let k(t) = -t**3 - 5*t**2 + 8*t - 1. Let g(w) = -8*w + 202. Let c be g(26). Calculate k(c).
-13
Let u(o) = -6*o - 4. Let v(p) = 24*p + 15. Let i be (-6)/(((-5)/30)/((-1)/9)). Let c(h) = i*v(h) - 15*u(h). Give c(-1).
6
Suppose 4*s = 3*m + 39, 3*m = 12*s - 10*s - 27. Let h(a) = -a + 8. Calculate h(s).
2
Let c(j) = j**2 + 3*j - 1. Let v be (-1)/(-4) - (-15)/(-60). Suppose v = 3*p + 6, 5*i + 0*p = 2*p - 16. Give c(i).
3
Suppose -2*a = 4*f - 22, -a + 3*f = -5*a + 29. Let o(j) = j**2 - j. Let c(y) = -10*y + 3 - 8 - y**2 + 6*y**2. Let r(t) = c(t) - 4*o(t). What is r(a)?
-10
Let h(g) = -g**3 - 3*g**2 + 4*g + 4. Let b = -109 + 106. Give h(b).
-8
Let n(u) = 36*u**2 + 29*u**2 + 16*u**3 - 64*u**2. Determine n(1).
17
Let m(d) be the second derivative of d**4/12 - 7*d**3/6 + d**2 - d. Let g be -1 + 5 + (-56)/14. Suppose -u - 11 = -q, 0 = -2*q - u - g*u + 10. Determine m(q).
2
Let u(r) = r + 30. Let w(h) = 32*h + 256. Let y be w(-8). Determine u(y).
30
Let w(g) be the third derivative of -5*g**4/24 - g**3/2 + g**2. Let o(m) = m - 29. Let q = 118 - 92. Let z be o(q). What is w(z)?
12
Let x(u) be the third derivative of u**8/20160 + u**7/504 + u**6/144 + 2*u**5/15 - 19*u**2. Let h(p) be the third derivative of x(p). Calculate h(-9).
-4
Let l(c) = -2*c + 1. Let b be 4/(-14) - (-2)/7. Let z(q) = 2*q - 11. Let p be z(8). Suppose b = -4*x - x + p. Determine l(x).
-1
Suppose 0 = 5*b, 0 = -2*s + s - 3*b + 2. Suppose 2*x + 24 = -s*x. Let q(c) = -c**3 - 5*c**2 + 5*c - 2. Calculate q(x).
4
Let u(o) be the first derivative of -2*o**2 + 9*o - 1541. Suppose -2*n + 7 = -n. Determine u(n).
-19
Let j be 0/(-2*(-3)/(-2)). Let b(q) = -12 + j*q + 15 + 5*q + 5*q. What is b(-2)?
-17
Let o(x) = 3*x**3 + x**2 - x - 1. Suppose f = -2, 9*f - 1 = -5*b + 12*f. Determine o(b).
-2
Let z(b) = -16*b**2 + 8*b - 3. Let o(s) = 11*s**2 - 5*s + 2. Let g(f) = -8*o(f) - 5*z(f). Let n be (-18)/14 - 10/(-35). Give g(n).
-9
Let z(o) = o**3 + 5*o**2 + 2*o + 1. Let r(c) = -c**2 - 1. Let u(w) = 2*w**2 + 1. Let a(m) = -3*r(m) - 3*u(m). Let l be a(1). Let d = -1 + l. Give z(d).
9
Let z(n) = -n**3 - 3*n**2 - 2*n - 1. Let b(j) = -j**3 + 2*j**2 + 3*j - 3. Let a be b(4). Let u = 33 + a. Let s = u - 11. Determine z(s).
-1
Let f(y) = y**2 - 8*y + 5. Let x be f(7). Let h(t) be the first derivative of t + 23 + 7/2*t**2. What is h(x)?
-13
Let m(s) = 8*s**3 - s + 2. Let b(z) = z + 2*z**2 + 6*z**2 - 3 - 13*z**2 - 8*z**3 + 4*z**2. Let o(a) = 2*b(a) + 3*m(a). Give o(-1).
-9
Let k(o) be the second derivative of o**4/12 - 5*o**3/6 + o**2/2 + 24*o + 1. Give k(8).
25
Let t(q) = q**2 + 6*q + 7. Let z be t(-5). Let k = 20 - 18. Let c(u) = -2*u + 30 - 32 - k*u. Give c(z).
-10
Let i(j) = j**2 - 2*j**2 + j + 1 + j. Suppose -67*c = -57*c - 30. Calculate i(c).
-2
Let a(s) be the second derivative of -17*s**3/6 + s**2/2 + s - 23. What is a(-1)?
18
Let o(q) = q**2 + 5*q - 3. Let s be (-10)/6*-1*(-24)/8. Give o(s).
-3
Let s(q) = -2*q**3 - 4*q**2 - 3*q - 1. Let t(j) = -2*j**2 - 6*j + 6. Let f be t(1). Determine s(f).
5
Let r(t) = -t**3 - t**2 + 2. Let o = 94 + -91. Let f be (o - 3)/(0 + -1 + -1). What is r(f)?
2
Let i(w) be the second derivative of w**4/24 - w**3/2 - w**2/2 + 10*w. Let q(z) be the first derivative of i(z). Give q(4).
1
Suppose 0 = -4*v + 3*v + 12. Let n be 3/6*-1*v. Let x(p) = -12 + p**2 + 0 + 17 + 8*p. Give x(n).
-7
Let v(y) be the third derivative of y**8/20160 - y**7/2520 - y**6/360 - y**5/15 - 13*y**2. Let k(x) be the third derivative of v(x). Give k(5).
13
Let a(z) = z + 10. Let g be a(-7). Let b(j) = -534 + j**g + 531 + 4*j + 5*j**2 + 0*j**3. Determine b(-4).
-3
Let z(d) be the second derivative of -d**4/4 - d**2/2 + 4*d + 74. Give z(-1).
-4
Let z = 53 - 29. Suppose -8*c = -0*c - z. Let k(l) = -4*l + l + 2 - c*l. Calculate k(-2).
14
Let a be ((-7)/21)/(2*(-2)/(-60)). Let p(w) = -w**2 - 8*w - 8. Determine p(a).
7
Suppose -4 = 4*r, -4*o - 2*r = -0*r - 18. Let l(m) = 7*m + 5. Let w(c) = 6*c + 4. Let u(q) = -5*l(q) + 6*w(q). Calculate u(o).
4
Suppose -2*f + 7 = 5*f. Let x(z) = -18*z + 1. Let h(d) = -90*d + 5. Let c(k) = 2*h(k) - 11*x(k). Determine c(f).
17
Let d(f) be the third derivative of -f**5/60 - f**3/6 - 2*f**2. Let o = -327 + 324. Calculate d(o).
-10
Let f = 8 + 10. Suppose z = -z + f. Let n(t) = t - 16*t**2 - 2*t + z*t**2. Determine n(1).
-8
Suppose 5*c - 34 = m, -5*c + c = 5*m + 25. Let z be (-2)/m - (-165)/(-135). Let d(s) be the second derivative of -5*s**4/4 - s. What is d(z)?
-15
Let g(p) be the first derivative of p**3 - 4*p + 142. Let x(t) = 7*t**2 - t - 9. Let y = -13 + 22. Let l(w) = y*g(w) - 4*x(w). Determine l(3).
3
Let a(n) be the second derivative of -n**5/20 - n**4/3 + 2*n**3/3 - n**2 + 32*n. Give a(-5).
3
Let a(w) = -2*w - 9. Let u = 709 - 709. Give a(u).
-9
Let l(p) be the third derivative of p**4/6 + p**3/6 - 11*p**2. Calculate l(-3).
-11
Let d(x) be the first derivative of -5*x**2/2 + 8*x - 1. Suppose 72 - 369 + 2031 = 289*w. Give d(w).
-22
Let l(n) = 10*n**2 - 6*n + 46*n**2 + 45*n**2 + 5 - 99*n**2. Determine l(3).
5
Suppose 4*w + 15 = 9*w. Let j be (0 - (-16)/12)*w. Suppose j*t = 22 - 6. Let l(z) = z**3 - 2*z**2 - 6*z + 3. Determine l(t).
11
Let a(o) = -12*o**3 - 3*o**2 + 10*o + 7. Let k(r) = 4*r**3 + r**2 - 3*r - 2. Let y(b) = -2*a(b) - 7*k(b). What is y(1)?
-4
Let u = -1198 - -1198. Let n(p) be the third derivative of 4*p**2 + 0 - 7/6*p**3 - 1/3*p**4 + u*p + 1/60*p**5. What is n(9)?
2
Let h(p) = -8*p + 3 + 2*p + p. Let a = -6 + 7. Let m be 0 + 0 + a + 2. Give h(m).
-12
Let t(c) be the first derivative of c**2 - 13*c - 944. Calculate t(-11).
-35
Let b = -30 + 33. Let s(j) = -18*j. Let l(w) = -17*w. Let k(c) = b*s(c) - 4*l(c). What is k(1)?
14
Let y(q) = 3*q - 37. Let r be y(13). Let z be (r/(-6))/((-3)/9). Let o(v) = 2*v**3 - v**2 + v - 1. What is o(z)?
1
Let h(g) = g**2 - g - 1. Let c(n) = 5*n**2 - n - 6. Let b(s) = -c(s) + 6*h(s). Let w = -4 - -9. Determine b(w).
0
Suppose -26 = -4*h - 5*j, -8*h - 6 = -7*h - 5*j. Let z(b) = b**2 - 5*b. Give z(h).
-4
Suppose -4*v - 29 + 13 = 0. Let n = v - 0. Let j be (-1)/(((-2)/n)/(-1)). Let i(a) = a**2 - 2*a + 2. Give i(j).
2
Suppose -i = -4 + 24. Let r be (-10)/i*(-10)/(-1). Let a(s) = -3*s**3 + 3*s**3 - r*s**3. Calculate a(-1).
5
Let w(c) be the first derivative of -c**4/4 - 4*c**3/3 - c**2 - 5*c - 4. Let i be w(-4). Let d(q) = 3*q**2 - i + q**2 + 3*q**3 - 2*q**3 + 2*q. Give d(-3).
0
Let g(o) = -o**3 + 29*o**2 - 3 - 45*o**2 + 3 - 5. What is g(-16)?
-5
Let q(l) be the first derivative of -l**2/2 - 2062. Let r be (3/2)/((-9)/(-12)). What is q(r)?
-2
Suppose 449*j - 466*j - 17 = 0. Let z(h) = 9*h**2 - 4*h + 3. Let i(w) = -27*w**2 + 11*w - 8. Let d(l) = -3*i(l) - 8*z(l). Give d(j).
10
Let s(q) = -16*q - 5. Let v(j) = -58*j - 15. Let p(m) = 7*s(m) - 2*v(m). What is p(8)?
27
Let i be 0 + 0 + 0 + -2. Let p(j) = -8. Let r(s) = -3*s - 22. Let g(l) = -3*p(l) + r(l). Determine g(i).
8
Let k(p) be the first derivative of p**4/4 - p**2 + 25. Suppose 4*x - 7 + 17 = -3*j, 24 = 2*j - 5*x. What is k(j)?
4
Suppose 3*l + 32 = 2*h, 0*l = -5*l + 5*h - 45. Let w = l - -16. Let c(t) = t**2 + t - 1. Calculate c(w).
5
Suppose -o = 3*o - 24. Let g(p) = -5*p**2 + 2*p + 12. Let h(y) = -4*y**2 + 3*y + 10. Let c(i) = -3*g(i) + 4*h(i). What is c(o)?
4
Let p(r) = -r**2 + 3*r + 6. Let l = -630 - -635. What is p(l)?
-4
Let g(f) be the first derivative of f**3/6 - f**2 - 50*f - 19. Let k(u) be the first derivative of g(u). Let j be 0/2 + 6/(-2). Determine k(j).
-5
Suppose 3*g - 4*t = -3*t + 6, 2*g = 2*t. Let x(z) = -2*z + g*z - 4*z + 1 + z**3. Calculate x(2).
3
Let v(y) = y**2 + 2*y + 3. Let b be v(-3). Let g(m) = m**3 - 7*m**2 + 9*m - 15. Let j be g(b). Let p(o) = -o**2 + 7*o - 2. What is p(j)?
10
Let f = 487 + -487. Let h(a) = a**2 - a - 15. Give h(f).
-15
Let b(v) = 20*v + 14. Let r(w) = 7*w + 5. Suppose 31 = -4*z - 5*c + 7, 0 = 3*z + 2*c + 18. Let d(a) = z*b(a) + 17*r(a). Determine d(1).
0
Let b(q) be the first derivative of q**3/3 + 2*q**2 + 4*q - 47. What is b(-5)?
9
Let z(l) = -5*l + 2. Suppose -71*p + 72*p = 5. Suppose 4*v - v + 5*h = 40, -3*v + p = 